er when 37603 is divided by 3528.
2323
What is the remainder when 6546070 is divided by 6507?
28
What is the remainder when 17825502 is divided by 160590?
12
Calculate the remainder when 63124 is divided by 15656.
500
Calculate the remainder when 1157630 is divided by 578710.
210
Calculate the remainder when 163449 is divided by 81620.
209
Calculate the remainder when 6373890 is divided by 7.
5
Calculate the remainder when 2678976 is divided by 446495.
6
Calculate the remainder when 1100537 is divided by 275124.
41
What is the remainder when 1532100 is divided by 1217?
1114
Calculate the remainder when 354540 is divided by 460.
340
What is the remainder when 17755231 is divided by 296?
263
Calculate the remainder when 766645 is divided by 153064.
1325
Calculate the remainder when 5023204 is divided by 95.
79
What is the remainder when 10539307 is divided by 307?
304
What is the remainder when 9772009 is divided by 3257250?
259
Calculate the remainder when 3748210 is divided by 9837.
313
What is the remainder when 248940 is divided by 5204?
4352
What is the remainder when 3690647 is divided by 468?
467
Calculate the remainder when 16144751 is divided by 76.
71
What is the remainder when 14029438 is divided by 1920?
1918
What is the remainder when 1842211 is divided by 31?
5
What is the remainder when 369497 is divided by 331?
101
Calculate the remainder when 847807 is divided by 3118.
2829
What is the remainder when 15449 is divided by 965?
9
Calculate the remainder when 33324 is divided by 4150.
124
What is the remainder when 31213 is divided by 2005?
1138
Calculate the remainder when 4074842 is divided by 60.
2
Calculate the remainder when 16645534 is divided by 32.
30
Calculate the remainder when 1643975 is divided by 82198.
15
What is the remainder when 80897 is divided by 9150?
7697
Calculate the remainder when 872812 is divided by 884.
304
What is the remainder when 3462495 is divided by 18?
15
Calculate the remainder when 80148 is divided by 20016.
84
Calculate the remainder when 130743 is divided by 443.
58
What is the remainder when 2405815077 is divided by 12?
9
Calculate the remainder when 216989 is divided by 1682.
11
Calculate the remainder when 130153 is divided by 46.
19
Calculate the remainder when 82981 is divided by 27393.
802
Calculate the remainder when 2391876 is divided by 26281.
305
What is the remainder when 5539036 is divided by 1949?
1927
What is the remainder when 33140590 is divided by 246?
208
What is the remainder when 76169858 is divided by 5?
3
Calculate the remainder when 484084 is divided by 43995.
139
What is the remainder when 459744 is divided by 229800?
144
What is the remainder when 12562749 is divided by 600?
549
What is the remainder when 2154477 is divided by 2429?
2383
Calculate the remainder when 13999 is divided by 1529.
238
Calculate the remainder when 1125397 is divided by 567.
469
Calculate the remainder when 9285 is divided by 4517.
251
Calculate the remainder when 31604172 is divided by 6905.
6892
What is the remainder when 731677 is divided by 1336?
885
What is the remainder when 40801 is divided by 10179?
85
Calculate the remainder when 1468152 is divided by 5729.
1528
Calculate the remainder when 304410 is divided by 152142.
126
Calculate the remainder when 3596075 is divided by 10.
5
Calculate the remainder when 1058370 is divided by 574.
488
Calculate the remainder when 182908 is divided by 521.
37
What is the remainder when 30186890 is divided by 5443?
12
Calculate the remainder when 37823 is divided by 2936.
2591
Calculate the remainder when 243543 is divided by 1751.
154
Calculate the remainder when 345977 is divided by 145.
7
Calculate the remainder when 427409 is divided by 150.
59
What is the remainder when 4886139 is divided by 232668?
111
What is the remainder when 34229 is divided by 56?
13
What is the remainder when 3237035 is divided by 33?
32
What is the remainder when 22803329 is divided by 1419?
1418
Calculate the remainder when 3688792 is divided by 149.
148
Calculate the remainder when 179472 is divided by 179465.
7
What is the remainder when 9475580 is divided by 304?
204
Calculate the remainder when 5022395 is divided by 1674067.
194
What is the remainder when 3186435 is divided by 167707?
2
Calculate the remainder when 279729 is divided by 33863.
8825
What is the remainder when 13462 is divided by 524?
362
What is the remainder when 640371973 is divided by 53364331?
1
What is the remainder when 303310 is divided by 6430?
1100
Calculate the remainder when 6313576 is divided by 158.
54
What is the remainder when 180740 is divided by 30?
20
Calculate the remainder when 29704479 is divided by 19.
12
What is the remainder when 10202 is divided by 843?
86
Calculate the remainder when 18454119 is divided by 1685.
1684
What is the remainder when 735543849 is divided by 12?
9
Calculate the remainder when 467165 is divided by 586.
123
What is the remainder when 326303 is divided by 46?
25
Calculate the remainder when 3717704 is divided by 34741.
417
What is the remainder when 4432561 is divided by 5?
1
What is the remainder when 32773262 is divided by 1964?
1958
What is the remainder when 219413790 is divided by 109706892?
6
What is the remainder when 214840 is divided by 214834?
6
Calculate the remainder when 7339198 is divided by 47657.
20
Calculate the remainder when 14383 is divided by 7125.
133
Calculate the remainder when 368411 is divided by 368344.
67
Calculate the remainder when 90886 is divided by 90805.
81
Calculate the remainder when 5235952 is divided by 639.
625
Calculate the remainder when 32205 is divided by 25384.
6821
What is the remainder when 4871558 is divided by 1619?
1606
Calculate the remainder when 302497 is divided by 37711.
809
Calculate the remainder when 266506 is divided by 878.
472
What is the remainder when 4804481 is divided by 101?
12
What is the remainder when 54554053 is divided by 157?
7
Calculate the remainder when 341485 is divided by 118.
111
What is the remainder when 6428 is divided by 4155?
2273
What is the remainder when 2629037 is divided by 2833?
13
Calculate the remainder when 1937725 is divided by 407.
405
What is the remainder when 16518203 is divided by 5007?
110
What is the remainder when 4475908 is divided by 11?
8
What is the remainder when 114894327 is divided by 2698?
2695
Calculate the remainder when 262141 is divided by 29110.
151
What is the remainder when 25851 is divided by 25840?
11
Calculate the remainder when 159718 is divided by 14041.
5267
What is the remainder when 21806 is divided by 1940?
466
Calculate the remainder when 5688713 is divided by 12313.
107
What is the remainder when 537573630 is divided by 16?
14
Calculate the remainder when 12224 is divided by 1719.
191
Calculate the remainder when 12214 is divided by 260.
254
Calculate the remainder when 23158940 is divided by 622.
14
Calculate the remainder when 158478916 is divided by 1281.
1
Calculate the remainder when 98368 is divided by 2328.
592
What is the remainder when 3542872 is divided by 498?
100
Calculate the remainder when 3979636 is divided by 46.
38
Calculate the remainder when 40447 is divided by 1143.
442
Calculate the remainder when 73760 is divided by 36847.
66
Calculate the remainder when 301938291 is divided by 2989488.
3
Calculate the remainder when 2537087 is divided by 5.
2
What is the remainder when 1305863 is divided by 237?
230
What is the remainder when 20624642 is divided by 1214?
1210
Calculate the remainder when 20081 is divided by 643.
148
Calculate the remainder when 84608 is divided by 11755.
2323
Calculate the remainder when 135799823 is divided by 7.
5
Calculate the remainder when 143071485 is divided by 24.
21
Calculate the remainder when 11093343 is divided by 996.
891
What is the remainder when 1140489 is divided by 4752?
9
Calculate the remainder when 5167 is divided by 3204.
1963
Calculate the remainder when 1567758 is divided by 32653.
414
Calculate the remainder when 6442119 is divided by 4119.
3
Calculate the remainder when 4234389 is divided by 10.
9
Calculate the remainder when 359399 is divided by 119776.
71
What is the remainder when 266955 is divided by 88983?
6
Calculate the remainder when 884822 is divided by